
-6
Let y(r) = -4*r - 40. Give y(-19).
36
Let c(d) = -d - 6. Give c(-9).
3
Let u(t) = t**3 + 19*t**2 + 48*t - 7. Give u(-16).
-7
Let s(p) = 2*p**3 - 43*p**2 - 21*p - 18. What is s(22)?
4
Let a(s) = -2*s**2 - 36*s - 41. What is a(-16)?
23
Let j(f) = 25*f**3 - f**2 - 2*f - 1. Determine j(-1).
-25
Let j(g) = -6*g + 12. What is j(0)?
12
Let q(j) = -j**3 + j**2 - 2. Calculate q(-3).
34
Let w(f) = f**3 + 16*f**2 + 24*f - 60. What is w(-14)?
-4
Let r(t) = -2*t**3 - t**2 + 9*t + 6. Give r(-4).
82
Let d(w) = 2*w**2 + 30*w - 31. Give d(-16).
1
Let j(a) = a**2 - 13*a + 35. Calculate j(10).
5
Let h(s) = -19*s + 10. Calculate h(4).
-66
Let r(s) = -3*s + 28. Give r(9).
1
Let h(q) = q**2 - q + 2. Determine h(4).
14
Let f(y) = 5*y - 11. What is f(5)?
14
Let c(f) = -35*f**2 - 3*f + 2. What is c(1)?
-36
Let a(s) = -4*s + 6. Give a(4).
-10
Let u(g) = -42*g**2 + 6*g - 5. Give u(1).
-41
Let j(g) = g**3 - 12*g**2 - 4*g + 7. Determine j(12).
-41
Let h(f) = 5*f + 2. What is h(5)?
27
Let q(b) = b**2 - 4*b - 34. Determine q(7).
-13
Let j(c) = -45*c + 146. Give j(3).
11
Let a(g) = g**3 - g**2 + 9. Give a(0).
9
Let t(h) = -75*h - 221. Determine t(-3).
4
Let h(n) = -n**2 + 4*n. What is h(2)?
4
Let b(u) = -u**3 - 29*u**2 - 30*u - 57. Give b(-28).
-1
Let t(f) = -8*f + 3. Give t(6).
-45
Let w(u) = u**2 - 16*u + 19. Give w(15).
4
Let v(m) = -4*m + 3. Give v(3).
-9
Let w(u) = -2*u + 5. What is w(-6)?
17
Let p(x) = -x**2 + 3*x + 20. Give p(9).
-34
Let y(o) = o**2 - 5*o - 198. Determine y(-12).
6
Let w(k) = 7*k - 21. What is w(17)?
98
Let u(o) = 4*o - 20. What is u(8)?
12
Let n(t) = 5*t**2 + 7*t - 16. What is n(4)?
92
Let s(h) = h**2 - 3*h - 123. Calculate s(13).
7
Let r(s) = s**3 - 8*s**2 + 7*s + 16. Give r(7).
16
Let j(y) = 9*y - 1. Calculate j(-1).
-10
Let a(q) = -5*q + 55. What is a(10)?
5
Let j(n) = n**3 + 3*n**2 - 7*n - 6. Give j(-4).
6
Let m(j) = -12*j + 17. Calculate m(3).
-19
Let h(l) = l**2 - 9. Determine h(7).
40
Let z(b) = -b - 4. What is z(-12)?
8
Let h(w) = -w**3 + 8*w**2 - 7*w - 11. Give h(7).
-11
Let d(s) = s - 41. Calculate d(34).
-7
Let v(z) = 4*z - 2. What is v(14)?
54
Let y(w) = -2*w**3 + 6*w**2 - 10*w + 12. What is y(2)?
0
Let n(a) = -6*a + 3. Give n(3).
-15
Let y(u) = u**2 + 7*u - 23. What is y(-10)?
7
Let d(z) = z**3 - 12*z**2 + 13*z - 23. Give d(11).
-1
Let y(q) = -2*q**2 + 26*q + 2. Determine y(13).
2
Let x(n) = n**3 - n + 5. Give x(0).
5
Let d(c) = -10*c - 1. Give d(1).
-11
Let x(i) = -9*i + 14. Give x(-8).
86
Let f(c) = -3*c**2 - 17*c - 55. Calculate f(-4).
-35
Let c(l) = -3*l**2 + 3*l - 2. Calculate c(2).
-8
Let p(d) = d**2 - 2*d - 47. Give p(-5).
-12
Let p(x) = x**3 + 16*x**2 - 14*x + 21. Determine p(-17).
-30
Let x(k) = 13*k - 7. Calculate x(5).
58
Let l(b) = b**2 - 9*b + 4. Calculate l(6).
-14
Let l(z) = -4*z**2 + 42*z - 27. Calculate l(10).
-7
Let a(b) = -62*b - 74. What is a(-1)?
-12
Let u(z) = z**3 - 4*z**2 - 10*z + 34. Calculate u(5).
9
Let d(l) = -l + 31. Determine d(25).
6
Let s(n) = 2*n**2 + 17*n + 23. What is s(-2)?
-3
Let b(x) = x**3 - 10*x**2 + 11*x + 6. Calculate b(9).
24
Let x(h) = h. Give x(2).
2
Let f(k) = k**2 + 43*k - 284. Calculate f(6).
10
Let q(v) = -v**2 - 5*v - 10. What is q(-3)?
-4
Let o(q) = -2*q**2 + 2*q + 17. Calculate o(3).
5
Let n(i) = 2*i + 14. Calculate n(7).
28
Let b(t) = 8*t - 83. Calculate b(9).
-11
Let t(a) = -a**2 + 9*a + 25. What is t(-6)?
-65
Let l(i) = 17*i + 46. What is l(-3)?
-5
Let b(v) = -v**2 + 9*v - 2. What is b(6)?
16
Let g(k) = 2*k**2 + 10*k - 11. Give g(-10).
89
Let t(w) = -w**3 - 12*w**2 + 2*w + 23. Determine t(-12).
-1
Let d(u) = 2*u + 113. Calculate d(-11).
91
Let g(z) = z**3 - 7*z**2 - 11*z + 10. Determine g(8).
-14
Let q(g) = -g**3 - 12*g**2 + 13*g + 5. What is q(-13)?
5
Let d(x) = -x**2 + 8*x + 11. Give d(5).
26
Let w(g) = -39*g - 1. Calculate w(-1).
38
Let m(r) = -r - 2. Give m(10).
-12
Let h(r) = r**2 + 12*r - 5. Give h(-12).
-5
Let d(g) = -g + 2. Determine d(10).
-8
Let o(i) = i - 14. Give o(12).
-2
Let f(q) = q**3 + 6*q**2 + 2*q + 23. What is f(-5)?
38
Let s(r) = r**2 + r - 1. Give s(-2).
1
Let l(d) = 6*d**3 + d**2 - 3*d + 2. Determine l(1).
6
Let k(b) = b**3 - 9*b**2 + 8*b - 1. Calculate k(8).
-1
Let p(q) = -3*q**2 - 50*q - 11. Determine p(-16).
21
Let x(j) = -10*j - 2. Give x(2).
-22
Let n(i) = -3*i**3 + 6*i**2 - 9*i. Determine n(2).
-18
Let q(c) = c**3 + 12*c**2 + 29*c - 29. Determine q(-7).
13
Let f(w) = -8*w + 8. Calculate f(-6).
56
Let o(u) = 6*u + 3. Determine o(0).
3
Let j(v) = v**3 - 4*v**2 - 4*v + 4. Give j(3).
-17
Let u(x) = -x**3 + 9*x**2 + 3*x + 13. Calculate u(10).
-57
Let j(x) = 3*x + 21. Calculate j(-9).
-6
Let z(i) = i**2 + 21*i + 80. Calculate z(-14).
-18
Let f(n) = n**2 - 9*n + 8. What is f(8)?
0
Let j(x) = -28*x + 6. Give j(2).
-50
Let v(i) = i**3 + 5*i**2 - i + 27. Calculate v(-6).
-3
Let m(x) = 18*x + 257. Calculate m(-17).
-49
Let w(g) = -g**3 - 9*g**2 + 9*g - 13. Give w(-10).
-3
Let t(n) = -n**2 + 57*n + 59. What is t(58)?
1
Let y(r) = -r + 9. Determine y(9).
0
Let d(a) = -5*a**3. Give d(1).
-5
Let a(g) = -g**3 + 4*g**2 + 11*g - 20. Determine a(5).
10
Let j(w) = -5*w + 34. Give j(-14).
104
Let v(b) = -4*b**3 + 3*b**2 - 2*b. Calculate v(2).
-24
Let u(v) = 4*v - 24. Calculate u(-7).
-52
Let p(r) = r**2 - 8*r + 6. Give p(6).
-6
Let l(m) = -m**3 + 26*m**2 - 89*m + 7. Give l(22).
-15
Let g(n) = -n**3 + 45*n**2 + 95*n - 53. Determine g(47).
-6
Let x(v) = -17*v + 24. Calculate x(1).
7
Let b(r) = r + 14. What is b(-20)?
-6
Let p(c) = -2*c**3 + 4*c**2 - 12*c. Calculate p(3).
-54
Let v(b) = b**2 + 6*b - 5. Calculate v(-5).
-10
Let i(x) = -2*x**3 + 34*x**2 + 2*x - 30. What is i(17)?
4
Let y(g) = -g**3 + 14*g**2 + 33*g + 4. Determine y(-2).
2
Let s(r) = r**2 + 6*r - 10. Give s(-6).
-10
Let w(r) = r**2 - 11*r + 19. Calculate w(10).
9
Let u(b) = -b**3 - 8*b**2 + 17*b - 23. Give u(-10).
7
Let v(r) = -r**3 - 22*r**2 - 22*r - 31. Give v(-21).
-10
Let l(d) = d**2 + 9*d - 17. What is l(2)?
5
Let a(x) = x**3 - 40*x**2 - 10. Determine a(40).
-10
Let i(l) = -8*l + 16. What is i(3)?
-8
Let l(q) = 2*q**3 + 5*q**2 - 5*q - 8. Give l(-3).
-2
Let a(h) = h**2 - 5. Determine a(-4).
11
Let k(c) = -2*c**2 + 10*c - 2. Calculate k(4).
6
Let k(s) = 3*s + 36. Calculate k(-7).
15
Let x(k) = -18*k - 27. Determine x(-2).
9
Let c(g) = -3*g + 15. Give c(3).
6
Let g(w) = w**3 - 4*w**2 + w + 1. Determine g(4).
5
Let z(f) = f + 56. Give z(-38).
18
Let n(c) = c**3 + 10*c**2 + 13*c + 8. What is n(-9)?
-28
Let t(o) = -o**3 - 12*o**2. Determine t(-12).
0
Let y(d) = -4*d - 30. Calculate y(-7).
-2
Let l(n) = -8*n**2. Give l(2).
-32
Let z(t) = t**3 + 6*t**2 + 5*t - 4. Give z(-5).
-4
Let z(c) = 5*c**2 - 3*c - 10. Calculate z(3).
26
Let m(u) = -8*u - 3. Give m(-3).
21
Let r(k) = k**2 - 15*k + 51. Give r(5).
1
Let x(s) = s**3 + 20*s**2 + 34*s - 26. Give x(-18).
10
Let f(h) = -h**3 + 8*h**2 + 9. Give f(8).
9
Let i(s) = s**2 + 12*s + 1. What is i(-9)?
-26
Let d(g) = 3*g**2 - 23*g + 38. Calculate d(3).
-4
Let g(v) = v**2 + 17*v + 11. Calculate g(-15).
-19
Let v(q) = 7*q - 5. Calculate v(7).
44
Let m(x) = 15*x**2 + x. Determine m(-1).
14
Let m(l) = 2*l**3 - 18*l**2 - 2. Determine m(9).
-2
Let i(h) = -13*h + 4. Give i(-3).
43
Let m(u) = u**3 + 4*u**2 - 6*u - 11. Calculate m(-5).
-6
Let u(t) = t**3 + 27*t**2 + 28*t + 63. What is u(-26)?
11
Let t(c) = -c**2 + 20*c - 85. Determine t(14).
-1
Let q(r) = -r**2 - 8*r + 84. What is q(-14)?
0
Let b(x) = 5*x**3 + 7*x**2 + 6*x + 4. What is b(-2)?
-20
Let a(q) = q**3 + 6*q**2 - q + 12. Calculate a(-6).
18
Let l(i) = -4*i - 2. Calculate l(-3).
10
Let w(l) = 7*l - 16. Determine w(3).
5
Let w(b) = 12*b**2 - 12*b - 2. What is w(1)?
-2
Let c(r) = r**3 - 7*r**2 + 10*r - 12. What is c(5)?
-12
Let t(x) = -10*x + 65. Calculate t(6).
5
Let j(m) = m**2 + 36*m + 44. Give j(-34).
-24
Let m(s) = -4*s - 3. Determine m(-8).
29
Let j(n) = -n + 1. Calculate j(-12).
13
Let k(y) = -7*y - 8. Give k(-6).
34
Let v(k) = -k**2 - 5*k + 11. What is v(-8)?
-13
Let t(f) = -f**3 + 6*f**2 - 6*f - 2. Determine t(3).
7
Let t(u) = -3*u**2 - u + 9. Determine t(-3).
-15
Let k(i) = i**3 - 35*i**2 + 6*i - 146. What is k(35)?
64
Let a(w) = -w**3 + 16*w**2 - 66*w + 20. Determine a(8).
4
Let n(i) = 6*i**2 - 176*i + 50. Determine n(29).
-8
Let y(d) = d**3 - 18*d**2 + 12*d + 81. What is y(17)?
-4
Let n(o) = -7*o + 4. Give n(5)